ed by -1 - h*1/(-2)*4.
6
Let j(t) = t**2 - 4*t + 1. Let n = 34333 + -34306. Calculate the remainder when n is divided by j(5).
3
Let a(x) = -2*x - 3. Let y be a(-3). Suppose 214 - 283 = -y*b. Calculate the remainder when 39 is divided by b.
16
Let j(r) = r**3 - 33*r**2 + 267*r + 4. Let i be j(14). Let o(h) = -17 - 2*h**2 - 12*h + 3*h**2 - 11. Calculate the remainder when o(i) is divided by 28.
24
What is the remainder when 1812 is divided by (-4 - (-2)/4)/((-13)/182)?
48
What is the remainder when 775 is divided by (-10774)/(-14) - 1750/(-1225)?
4
Suppose -34*v = -7*v + 15*v - 29232. What is the remainder when v is divided by 198?
102
Let i(t) = 3*t**2 - 26*t - 14*t + 23*t - 29. Calculate the remainder when i(-7) is divided by 15.
12
Let u(q) = -22*q**3 + 26*q**2 + 18*q + 39. Calculate the remainder when u(-2) is divided by 135.
13
Let z(w) = w**2 - 6*w - 26. What is the remainder when z(-10) is divided by (((-125)/10)/(-5))/((-6)/(-48))?
14
Let f(p) = p**3 - 14*p**2 - 138*p + 1975. Suppose -412 = -5*w - 3*v, -w + 3*v + 9 = -59. Let u = 125 - w. Calculate the remainder when u is divided by f(13).
9
Suppose 0 = -5*d + 5 + 5. Suppose 5*k = -0*r + d*r + 225, -3*k + 5*r = -116. Suppose p - 1309 = -26*p - 50*p. Calculate the remainder when k is divided by p.
13
Let k be 7/21 + (-34)/(-6). Suppose 3*c + 5*h - 16 = 0, -c + 3*h + h - k = 0. What is the remainder when 63 is divided by 1/c*-2*(0 - 13)?
11
Suppose -146 = -3*o - 4*r, r - 2 = -0. Calculate the remainder when -2 + 548/6*2 + (-5)/3 is divided by o.
41
Suppose k = 5*g - 12, -g - 5 = 3*k - 17. Suppose g - 27 = -2*c. What is the remainder when 25 is divided by c?
1
Let j(o) be the third derivative of 0 - 1/6*o**3 + 1/3*o**4 + 1/6*o**5 + 0*o + 24*o**2 + 1/120*o**6. What is the remainder when j(-7) is divided by 31?
28
Suppose 0 = -217*s + 251*s - 3604. What is the remainder when s is divided by (-46)/(-2) - (2 - 6)?
25
Let h = -107 + 129. Suppose 4*t + 3*s = 796, -5*t + 10*s - 8*s + 972 = 0. Calculate the remainder when t is divided by h.
20
Suppose -w + 151 = -4*o, o - 161 = -15*w + 14*w. Calculate the remainder when w is divided by 105.
54
Suppose -5*o = 3*b - 90, -4*b - 12 = -32. Let m = o - -1. Suppose 20*f - 68 = m*f. What is the remainder when 116 is divided by f?
14
Let j(h) = 120*h + 133. What is the remainder when 84 is divided by j(-1)?
6
Let q(d) be the first derivative of 9*d**2/2 + d - 2. Let s be 2/1 + (1 - 5) + 7. What is the remainder when q(s) is divided by 16?
14
Let b = 2 - -2. Suppose -s = 5*k - 91, -4*s = -8*k + b*k - 412. Suppose -s = -11*c + 53. Calculate the remainder when 37 is divided by c.
9
Let p be (7/(-35))/(2/(-50)). Suppose p*w - 614 + 44 = 0. What is the remainder when w is divided by 59?
55
Let n = -98 + 102. Suppose -14 - 14 = -n*m. Calculate the remainder when m is divided by 5.
2
Let y = -34883 + 48917. Calculate the remainder when y is divided by 29.
27
Let l(a) = 3*a**2 - 22*a - 81. Let t be l(-4). Suppose 7360 = -15*k + t*k. Suppose 42 - 116 = -2*d. Calculate the remainder when k is divided by d.
36
Let z(o) = -o**3 + o**2 - 2*o + 2. Let f be z(0). Suppose 6*l - 514 = 4*l + f*r, 6 = -2*r. What is the remainder when l is divided by 51?
50
Let u be ((-40)/80)/(1/(-2)). Calculate the remainder when 150 is divided by u/(-2)*(20 - 122).
48
Let t(f) = -40*f + 4. Let y be t(7). Let d = 42 + 25. What is the remainder when d is divided by 3/(-12) + y/(-16)?
16
Let c(z) = z**2 + 30*z + 35. Let p(g) = g**2 + g + 1. Let w(a) = c(a) - 3*p(a). What is the remainder when w(14) is divided by 2?
0
Suppose 0 = -3*t + 3*d + 609, -2*d + 138 = 5*t - 912. Calculate the remainder when t is divided by 5.
3
Suppose 0 = -3*w + 364 - 238. Suppose -3*y + 2*u = -8*y + 6, 0 = -5*u - 10. Suppose 4*h = y + 2, -o = h - 12. What is the remainder when w is divided by o?
9
Suppose -4*q - 114 = -j - j, 156 = 2*j + 3*q. Suppose -o = -5*a - 12 - 5, 0 = 4*o - 2*a - 14. Let f = 10 + o. Calculate the remainder when j is divided by f.
9
Suppose 3*k - 510 = -a, 7*k = 2*a + 9*k - 1048. What is the remainder when 1595 is divided by a?
2
Calculate the remainder when 2/18 - 205084/(-396) is divided by 88.
78
Let s be 108 - (1 + 2) - 4. Let j = 102 - s. Calculate the remainder when (65/(-39))/(j/(-12)) is divided by 7.
6
Let x = 173 - 173. Suppose 0 = -3*v + 3*y - y + 171, x = -5*v - 5*y + 310. Calculate the remainder when v is divided by 14.
3
Let c = 111 + -98. Let d = -49 - -177. Calculate the remainder when d is divided by c.
11
Let a = 30 + 93. Let k be 1*(-4 + -3 + 4) + a. What is the remainder when 91 is divided by ((-12)/(-5) + 0)*k/18?
11
Let o = 211 + -203. Suppose -5*d = -2*z - 114, -2*d + 34 = -2*z - o. Calculate the remainder when 89 is divided by d.
17
Let c = -25 - -83. Suppose 10*t = 78*t - 4501 - 3319. Calculate the remainder when t is divided by c.
57
Let g = 25607 + -25243. Calculate the remainder when g is divided by 71.
9
Let m = 427 - 252. Let q(o) = -o - 1. What is the remainder when q(-3) is divided by (m/(-105))/(5/(-3))?
0
Suppose 7*j = 152 + 86. Let i = 59 - j. Suppose -424 = -4*s - 36. Calculate the remainder when s is divided by i.
22
Suppose 3*g + 12*p - 321 = 0, 4*p + 511 = -2*g + 7*g. Calculate the remainder when 3292 is divided by g.
99
Let x = 1888 - 1343. Suppose 0 = 5*s - 5*l - x, l - 150 = -2*s + 74. Calculate the remainder when s is divided by 19.
16
Let f = -542 + 542. Suppose -2*k + 171 - 18 = 3*y, f = -5*k - 3*y + 369. Calculate the remainder when k is divided by 26.
20
Let k = 953 - 593. Calculate the remainder when 69 is divided by 9/(-6)*k/(-27).
9
Suppose u - 4*u = -3*l + 99, -3*l - 5*u = -131. Let f be 8/14 - 717/(-7). What is the remainder when (1 - (-1 - f)) + 2 is divided by l?
33
Let k(i) be the first derivative of 8*i**3/3 + 5*i**2/2 + 3*i + 5. Let h be k(-3). Suppose -4*p = p - h. What is the remainder when p is divided by 5?
2
Suppose -5*t - 23*j + 19*j + 153017 = 0, 4*j = 4*t - 122356. Calculate the remainder when t is divided by 51.
48
Suppose 29 = -v + 71. Let h(j) = 2*j**2 + 13*j + 10. Let l be h(-6). Suppose l = 5*g - 4*g. Calculate the remainder when v is divided by g.
2
Suppose -k = 5, 9*c + 10 = 4*c - 2*k. Suppose c = 30*y + y - 1736. What is the remainder when 446 is divided by y?
54
Let o(u) = u**2 + 19*u - 17. Let p be o(-18). Let k be 32/(-10)*p/14. Let r(t) = t**2 - 3*t + 6. What is the remainder when r(k) is divided by 13?
7
Let m be ((-37)/3)/(25/225). Let f = m - -152. Calculate the remainder when 161 is divided by f.
38
Let b(y) = -2*y**3 - 49*y**2 - 25*y - 26. Let j be b(-24). What is the remainder when 61 is divided by j + -6 + 25 + -1?
13
Let l be 8 - -2*(3/2)/(-3). Suppose -l*n + 110 = -2*n. Let u = -6 + 14. Calculate the remainder when n is divided by u.
6
Suppose 12962 = 80*i - 485838. Calculate the remainder when i is divided by 240.
235
Suppose 0 = 3*n - c - 56, 65 = -2*n - 2*c + 97. Let g = 108 + -202. Let d = -8 - g. Calculate the remainder when d is divided by n.
14
Let h(v) = -244*v - 10. Let m be h(-2). Suppose -3*f = -r - 475, -3*f + 0*r + 4*r = -m. What is the remainder when f is divided by 40?
38
Let g = 41 + -71. Calculate the remainder when 91 is divided by (-785)/(-25) + 12/g.
29
Let m(c) = 16 - 31 - 4*c + 15*c - 62. Calculate the remainder when m(14) is divided by 17.
9
Let j = 8 - 3. Let u(y) = 21*y + 19. Let g be u(j). Suppose t = -t + g. What is the remainder when t is divided by 13?
10
Suppose 0 = -5*c + 92 + 253. Let z = c + 138. What is the remainder when z is divided by ((-264)/(-9))/2 + (-6)/9?
11
Calculate the remainder when 532 is divided by (6/(-18))/(21/(-1701)).
19
Suppose 3*x - 3*m - 447 = 0, 97*x - 94*x - 447 = 2*m. What is the remainder when 2381 is divided by x?
146
Let f = -23 - -22. Let n be -10 + 13 + (f + 2)*4. Suppose 0 = 2*x + n*z - 4*z - 84, -4*z + 126 = 3*x. What is the remainder when 207 is divided by x?
39
Suppose -66 = y + 4*f - 166, 0 = -5*y + 5*f + 325. Calculate the remainder when 313 is divided by y.
25
Let j = -2142 - -2178. What is the remainder when 91 is divided by j?
19
Let q(k) = 2*k**3 - 2*k + 651. What is the remainder when q(0) is divided by 95?
81
Suppose -59616 = -1407*v + 1375*v. Calculate the remainder when v is divided by 371.
8
Suppose 3 - 673 = -6*z - 4. Calculate